+ 2)) - n?
8
Suppose -370 - 677 = -2*z - 3*g, -3*z = -g - 1587. What is the hundreds digit of z?
5
Let f(p) = -4*p**2 - 4*p + 20. Let c(y) = 2*y. Let k(z) = -5*c(z) - f(z). What is the hundreds digit of k(10)?
3
Let g(f) = -1 - 8*f - 7*f + f**2 - 2*f. Let q be g(17). Let k(v) = -32*v + 2. What is the units digit of k(q)?
4
Let w be (-1 + 2)*(2 + 3). Suppose 0 = w*x - 3*o - 13, -2*o = 3*o + 5. Suppose 2*y + x = 2*l, -4*y + 5*l = -0*y + 9. What is the units digit of y?
4
Let p(m) = -64*m - 657. What is the thousands digit of p(-40)?
1
Let j(g) = 33*g**2 + 8*g - 3. Let r(t) = 16*t**2 + 4*t - 2. Let l(v) = -3*j(v) + 7*r(v). What is the tens digit of l(3)?
2
Let x(s) = -s**3 - 4*s**2 - 8 + 2*s + 2*s**3 - 3*s**2. Let b be x(7). Let p = -5 + b. What is the units digit of p?
1
Let w be -12 - -81 - 4/1 - -1. Let n(y) = 10*y**2 + 2*y - 2. Let p be n(2). Suppose 4*i - 2*h - w = 0, 0 = -0*i + 2*i - 4*h - p. What is the tens digit of i?
1
Let w be (4/(-2) + 2)/2. Let v(h) = 5*h**2 + 2*h + 64. Let k(s) = 11*s**2 + 4*s + 131. Let q(c) = -6*k(c) + 13*v(c). What is the units digit of q(w)?
6
Let y(p) = -5*p - 23*p - 10*p + 1 - 8*p. Let u be y(-4). What is the tens digit of (-6)/(-15)*u/2?
3
Suppose -4*l + 9*l - 5*p = 600, -p - 489 = -4*l. Let h = l - -11. What is the hundreds digit of h?
1
Let f be (-1)/2 + 3/6. Suppose f = -b + 4*b + 9. What is the tens digit of (b/3)/(2/(-38))?
1
Suppose 5*n = n - 3*h + 299, -n = -3*h - 86. Suppose 76 = 3*b - n. What is the tens digit of b?
5
Suppose p - 2*p - 216 = 0. Let x be (0 - 1)/(2/p). Suppose 33 - x = -5*q. What is the tens digit of q?
1
Let p = -253 + 467. Let b = p - 88. What is the hundreds digit of b?
1
Let h be (-7)/6 + (-8)/(-48). What is the units digit of 15/(h*2/(-6))?
5
Suppose -o = 4*u - 6460, 0 = 11*o - 13*o. What is the hundreds digit of u?
6
Let z(k) = -k**3 + 4*k**2 + 6*k - 2. Let q be z(5). Suppose q*t - 24 = -5*n + 2*n, 5*t - 20 = -3*n. What is the units digit of n?
0
Suppose -2*n + 17 = 177. What is the units digit of (-2 - n/(-15))*-3?
2
Let d(x) = -11*x - 13. Let q(v) = -10*v - 12. Let y(k) = 3*d(k) - 4*q(k). Let o be y(4). Let i = o + -13. What is the tens digit of i?
2
Let t be -35*6*4/(-28). Suppose 10 = 2*v + t. Let x(j) = -j**2 - 11*j + 10. What is the tens digit of x(v)?
2
Suppose -5*w - 1 + 11 = 0. Let z be w*(3 - 3/2). Suppose b + z*c = 15, 117 = 8*b - 3*b + c. What is the tens digit of b?
2
Let t(u) = 2*u**3 - 4*u**2 - 2*u + 578. What is the hundreds digit of t(0)?
5
Suppose 2*h + i = -i - 54, -h - 27 = 2*i. Let r = 11 - h. What is the units digit of r?
8
Let p(q) = 8*q**2 + 5*q + 104. What is the tens digit of p(-7)?
6
Let r(c) = 14*c + 5. Let y be r(2). Let w = 138 - y. What is the hundreds digit of w?
1
Suppose 2*v + 398 = 5*q + 44, v = 3*q - 212. Let i = -11 + q. What is the tens digit of i?
5
Suppose 3*l - 384 = -3*l. Suppose -12 = -2*t + l. What is the tens digit of t?
3
Let y = 0 - -3. Suppose 0 = z - w - y*w + 14, -4*z - 8 = -4*w. What is the units digit of z/(-4) + 504/16?
1
Let q(s) = 16*s**3 + 9*s**2 - 10*s + 20. What is the thousands digit of q(5)?
2
Suppose 2*q - 5*a - 2203 = -10*a, 2*q - 2197 = a. What is the thousands digit of q?
1
What is the units digit of 30/(-4)*528/(-10)?
6
Let t(f) = f**2 + 18*f - 23. Let g be t(-18). Let r = g + 47. What is the units digit of r?
4
Suppose -1908 = 70*i - 76*i. What is the tens digit of i?
1
Let z be 2 - -15*(8/6)/4. Suppose -z*h + 5*h + 108 = 0. What is the units digit of h?
4
Suppose 5*v = 143 + 232. Let i = v - 41. Let x = i - 22. What is the tens digit of x?
1
Let i(g) = g**3 - 15*g**2 + 7*g - 4. Let n be i(14). Let b = n - -188. Let f = b - 42. What is the tens digit of f?
4
Let t(q) = 222*q**2 + 83*q - 247. What is the thousands digit of t(3)?
2
Let w = -1279 - -2402. What is the units digit of w?
3
Suppose -2*p = -3*p - 1. Let a = 15 + p. Let g = a + -13. What is the units digit of g?
1
Suppose -62 + 64 = -o. Let b(s) = -34*s + 2. What is the units digit of b(o)?
0
What is the units digit of ((-2)/8)/(146214/(-36552) - -4)?
3
Let w be (-3)/(-9)*12/1. Suppose w*p = -2*q - 20, 0*q - 4*q + 4*p = -20. Suppose 3*l = v + 7, q = 5*l - 5*v - 3 - 2. What is the units digit of l?
3
Suppose 358 + 6 = -4*j. Let s = j - -52. Let d = -19 - s. What is the tens digit of d?
2
Let d = 7 + 40. Suppose 0 = 3*f - d - 37. Let k = f + -17. What is the units digit of k?
1
Let d(o) = -2*o + o - 2 - 45*o**3 + o. Let r(s) = -23*s**3 - 1. Let b(p) = 6*d(p) - 13*r(p). What is the tens digit of b(1)?
3
Let w(s) = s + 12 - 5*s**2 - 15 + 6*s**3 - 5*s**3. Let q be w(5). Suppose 0 = 4*h - 2*v - 246, -2*v - 61 = -h + q. What is the units digit of h?
1
Let w = 46 - 114. What is the units digit of w/(-14) - (-2)/14?
5
Suppose 5*w + 11*n - 9*n - 4065 = 0, -3*n = 0. What is the tens digit of w?
1
Suppose -22 = 5*x + 18. Let i be (-3)/(-12) + 10/x. Let a(v) = -19*v - 1. What is the tens digit of a(i)?
1
Suppose 0*y = 6*y + 24. What is the units digit of -4 + ((-4)/y - -40)?
7
What is the tens digit of ((-115)/15*(-51)/(-1))/(-1)?
9
Let d = 85 + -83. Let t(p) = 67*p - 10. What is the units digit of t(d)?
4
Suppose 1 = 2*u - 3. Let n(l) = -2 - 14*l**2 + 8*l**2 + 12*l**2. What is the tens digit of n(u)?
2
Let q(m) = 19*m**2 - 4*m + 2. Let u be q(-6). Suppose u = 4*r - 2*k - 0*k, -4*r + 711 = -3*k. What is the hundreds digit of r?
1
Let j(o) = -o**2 - 14*o - 10. Let z be j(-12). Let f = 17 - z. Suppose -2*v = -l - 37, 0 = -f*v + 3*l + 2*l + 45. What is the units digit of v?
0
Let l(z) = -2*z - 2. Let x be l(-9). Suppose 4 = -k - 4*d, -2*d = 2*k + 3*k - x. What is the units digit of k?
4
Let y be -3 - (-1)/(4/52). Suppose -2*d - y = -7*d. What is the tens digit of -6 - -9 - (d - 25)?
2
Suppose -3*v = -5*n + 2*v + 5065, -5*v - 3029 = -3*n. What is the hundreds digit of n?
0
Suppose -24*k + 3164 = -17*k. What is the units digit of k?
2
What is the tens digit of (-20679)/(-24) - 75/(-200)?
6
Suppose -3*g + 2*p + 2695 = 0, 3*g = 4*g + 4*p - 889. What is the hundreds digit of g?
8
Let s(a) = 2*a + 3 - 15 - 4 + a. Let q be s(-11). Let h = 69 + q. What is the tens digit of h?
2
Let k = 963 + -956. Let f be (-9)/(-5) - 2/(-10). Let q = k - f. What is the units digit of q?
5
Suppose 3*u - p = 4*u - 1, 0 = -3*u - 4*p + 3. Let c(h) = -h**3 - 2*h**2 + 2*h - 1. Let j be c(u). What is the tens digit of (-2)/(-2) + (16 - j)?
1
Suppose 4*r = 12 + 12. Suppose 0 = 4*l - 3*w - 19, 3 = 3*w - r*w. Suppose l*d = -4*p + 24, -d - 32 = -6*d - 3*p. What is the units digit of d?
7
Let k be (-4)/((3/3)/(122/(-4))). Let g = k - 47. What is the tens digit of g?
7
Let r be 9/12*(-3 + -5). Let i be 56/r + 14/(-21). What is the units digit of 137/5 + 4/i?
7
Let h(c) = 206*c + 3. What is the hundreds digit of h(1)?
2
Let d(k) = k**3 + 11*k**2 + 10*k - 5. Suppose -2*v = -s + 12, v - 20 = -4*s + 2*v. Let o be (-6)/s - 120/16. What is the units digit of d(o)?
7
What is the thousands digit of 1968 + (9 - (-4 + 19))?
1
Let v be -15*2*1/5. Let t = v + 9. Suppose 0*r = 3*k + 4*r - 89, -5*k + t*r + 158 = 0. What is the units digit of k?
1
Suppose -1617 + 1182 = -v. What is the hundreds digit of v?
4
Let g(l) = -l**3 - l**2 - 1. Let u(b) be the third derivative of -b**6/60 + 7*b**3/2 + 3*b**2. Let m(p) = -g(p) + u(p). What is the units digit of m(0)?
2
Suppose 5*j - g - 10 = -2*g, 20 = -4*g. Suppose -j*p + 381 = w, p - w - 117 = 2*w. What is the tens digit of p?
2
Let y = -591 - -1455. What is the tens digit of y?
6
Suppose 24 = -2*n - 2*t - 72, 0 = -4*n + 5*t - 165. Let s = 137 + n. Suppose 5*c = c + 4*y + s, -3*c - 5*y = -37. What is the tens digit of c?
1
Suppose 4*b = -8, 2*v - 333 - 8075 = 2*b. What is the hundreds digit of v?
2
Suppose -3*r - 2*r - 320 = -i, 4*r - 5*i = -277. Let l = r + 130. What is the units digit of l?
7
Let o be (-18)/(-81) - 129/(-27). Suppose -98 = -o*l + 802. What is the tens digit of l?
8
Let w = -63 - -79. Let b = 93 - w. What is the units digit of b?
7
Suppose 0 = 7*o - 139 + 27. What is the tens digit of o?
1
Let a(q) = 6*q - 14. Suppose -10 = 5*h, j = -2*h - 0 + 2. Let d be a(j). Suppose 24*r - d*r - 48 = 0. What is the tens digit of r?
2
Let x be (-6)/2*(-20 + 2). Suppose s = -3*v + 27, -22 = -2*s + 5*v + x. Let h = s - 2. What is the tens digit of h?
3
Suppose q - 5*r = 19,